{"id":14707,"date":"2023-06-29T17:33:36","date_gmt":"2023-06-29T21:33:36","guid":{"rendered":"https:\/\/colegiodelapurisima.cl\/colegio-pc\/?page_id=14707"},"modified":"2025-03-31T08:39:08","modified_gmt":"2025-03-31T12:39:08","slug":"p-i-e","status":"publish","type":"page","link":"https:\/\/colegiodelapurisima.cl\/colegio-pc\/area-academica\/p-i-e\/","title":{"rendered":"P.I.E."},"content":{"rendered":"<div class=\"fusion-fullwidth fullwidth-box fusion-builder-row-1 fusion-flex-container nonhundred-percent-fullwidth non-hundred-percent-height-scrolling\" style=\"--awb-border-radius-top-left:0px;--awb-border-radius-top-right:0px;--awb-border-radius-bottom-right:0px;--awb-border-radius-bottom-left:0px;--awb-flex-wrap:wrap;\" ><div class=\"fusion-builder-row fusion-row fusion-flex-align-items-center fusion-flex-justify-content-center fusion-flex-content-wrap\" style=\"max-width:1144px;margin-left: calc(-4% \/ 2 );margin-right: calc(-4% \/ 2 );\"><div class=\"fusion-layout-column fusion_builder_column fusion-builder-column-0 fusion_builder_column_1_1 1_1 fusion-flex-column\" style=\"--awb-bg-size:cover;--awb-width-large:100%;--awb-margin-top-large:0px;--awb-spacing-right-large:1.92%;--awb-margin-bottom-large:0px;--awb-spacing-left-large:1.92%;--awb-width-medium:100%;--awb-spacing-right-medium:1.92%;--awb-spacing-left-medium:1.92%;--awb-width-small:100%;--awb-spacing-right-small:1.92%;--awb-spacing-left-small:1.92%;\"><div class=\"fusion-column-wrapper fusion-flex-justify-content-flex-start fusion-content-layout-column\"><div class=\"fusion-text fusion-text-1 fusion-animated\" data-animationType=\"flipinx\" data-animationOffset=\"top-into-view\"><p>\u00a0<\/p>\n<h6 style=\"text-align: center;\">El Programa de Integraci\u00f3n Escolar es una herramienta para la calidad integral de la<br \/>educaci\u00f3n y una estrategia educativa con enfoque inclusivo, que se orienta en favorecer<br \/>la participaci\u00f3n y el logro de los objetivos de aprendizaje de todos las y los estudiantes,<br \/>aportando recursos y equiparando oportunidades educativas, especialmente, para<br \/>aquellos que presentan mayores necesidades para progresar en sus aprendizajes, a<br \/>trav\u00e9s de la entrega de apoyos especializados a estudiantes que presentan NEE<br \/>En nuestro caso particular el Programa de Integraci\u00f3n Escolar tiene una cobertura desde<br \/>Prek\u00ednder a IV medio.<\/h6>\n<h6 style=\"text-align: center;\">El equipo est\u00e1 conformado por una Coordinadora, Educadoras Diferenciales, Fonoaudi\u00f3logos, Terapeuta Ocupacional y Kinesi\u00f3logo, quienes realizan un trabajo personalizado cada las estudiantes en aulas de recursos y adem\u00e1s, el establecimiento cuenta con una Sala Multisensorial.<\/h6>\n<\/div><\/div><\/div><\/div><\/div>\n","protected":false},"excerpt":{"rendered":"","protected":false},"author":8,"featured_media":0,"parent":11415,"menu_order":0,"comment_status":"closed","ping_status":"closed","template":"left-side-navigation.php","meta":{"footnotes":""},"class_list":["post-14707","page","type-page","status-publish","hentry"],"_links":{"self":[{"href":"https:\/\/colegiodelapurisima.cl\/colegio-pc\/wp-json\/wp\/v2\/pages\/14707","targetHints":{"allow":["GET"]}}],"collection":[{"href":"https:\/\/colegiodelapurisima.cl\/colegio-pc\/wp-json\/wp\/v2\/pages"}],"about":[{"href":"https:\/\/colegiodelapurisima.cl\/colegio-pc\/wp-json\/wp\/v2\/types\/page"}],"author":[{"embeddable":true,"href":"https:\/\/colegiodelapurisima.cl\/colegio-pc\/wp-json\/wp\/v2\/users\/8"}],"replies":[{"embeddable":true,"href":"https:\/\/colegiodelapurisima.cl\/colegio-pc\/wp-json\/wp\/v2\/comments?post=14707"}],"version-history":[{"count":13,"href":"https:\/\/colegiodelapurisima.cl\/colegio-pc\/wp-json\/wp\/v2\/pages\/14707\/revisions"}],"predecessor-version":[{"id":16255,"href":"https:\/\/colegiodelapurisima.cl\/colegio-pc\/wp-json\/wp\/v2\/pages\/14707\/revisions\/16255"}],"up":[{"embeddable":true,"href":"https:\/\/colegiodelapurisima.cl\/colegio-pc\/wp-json\/wp\/v2\/pages\/11415"}],"wp:attachment":[{"href":"https:\/\/colegiodelapurisima.cl\/colegio-pc\/wp-json\/wp\/v2\/media?parent=14707"}],"curies":[{"name":"wp","href":"https:\/\/api.w.org\/{rel}","templated":true}]}}

<div class="fusion-fullwidth fullwidth-box fusion-builder-row-1 fusion-flex-container nonhundred-percent-fullwidth non-hundred-percent-height-scrolling" style="--awb-border-radius-top-left:0px;--awb-border-radius-top-right:0px;--awb-border-radius-bottom-right:0px;--awb-border-radius-bottom-left:0px;--awb-flex-wrap:wrap;" ><div class="fusion-builder-row fusion-row fusion-flex-align-items-center fusion-flex-justify-content-center fusion-flex-content-wrap" style="max-width:1144px;margin-left: calc(-4% / 2 );margin-right: calc(-4% / 2 );"><div class="fusion-layout-column fusion_builder_column fusion-builder-column-0 fusion_builder_column_1_1 1_1 fusion-flex-column" style="--awb-bg-size:cover;--awb-width-large:100%;--awb-margin-top-large:0px;--awb-spacing-right-large:1.92%;--awb-margin-bottom-large:0px;--awb-spacing-left-large:1.92%;--awb-width-medium:100%;--awb-spacing-right-medium:1.92%;--awb-spacing-left-medium:1.92%;--awb-width-small:100%;--awb-spacing-right-small:1.92%;--awb-spacing-left-small:1.92%;"><div class="fusion-column-wrapper fusion-flex-justify-content-flex-start fusion-content-layout-column"><div class="fusion-text fusion-text-1 fusion-animated" data-animationType="flipinx" data-animationOffset="top-into-view"><p> </p>
<h6 style="text-align: center;">El Programa de Integración Escolar es una herramienta para la calidad integral de la<br />educación y una estrategia educativa con enfoque inclusivo, que se orienta en favorecer<br />la participación y el logro de los objetivos de aprendizaje de todos las y los estudiantes,<br />aportando recursos y equiparando oportunidades educativas, especialmente, para<br />aquellos que presentan mayores necesidades para progresar en sus aprendizajes, a<br />través de la entrega de apoyos especializados a estudiantes que presentan NEE<br />En nuestro caso particular el Programa de Integración Escolar tiene una cobertura desde<br />Prekínder a IV medio.</h6>
<h6 style="text-align: center;">El equipo está conformado por una Coordinadora, Educadoras Diferenciales, Fonoaudiólogos, Terapeuta Ocupacional y Kinesiólogo, quienes realizan un trabajo personalizado cada las estudiantes en aulas de recursos y además, el establecimiento cuenta con una Sala Multisensorial.</h6>
</div></div></div></div></div>
